 by 858.
129
What is the remainder when 1093 is divided by 361?
10
Calculate the remainder when 373 is divided by 16.
5
What is the remainder when 1271 is divided by 13?
10
Calculate the remainder when 151 is divided by 8.
7
Calculate the remainder when 3775 is divided by 61.
54
Calculate the remainder when 432 is divided by 20.
12
What is the remainder when 543 is divided by 88?
15
Calculate the remainder when 412 is divided by 42.
34
Calculate the remainder when 156 is divided by 66.
24
What is the remainder when 257 is divided by 26?
23
Calculate the remainder when 8555 is divided by 23.
22
What is the remainder when 416 is divided by 306?
110
Calculate the remainder when 721 is divided by 11.
6
Calculate the remainder when 129 is divided by 128.
1
What is the remainder when 225 is divided by 109?
7
Calculate the remainder when 736 is divided by 242.
10
Calculate the remainder when 116 is divided by 10.
6
What is the remainder when 2445 is divided by 27?
15
What is the remainder when 522 is divided by 135?
117
Calculate the remainder when 972 is divided by 3.
0
What is the remainder when 568 is divided by 71?
0
What is the remainder when 639 is divided by 210?
9
Calculate the remainder when 233 is divided by 20.
13
What is the remainder when 606 is divided by 158?
132
What is the remainder when 795 is divided by 160?
155
What is the remainder when 58 is divided by 45?
13
What is the remainder when 332 is divided by 124?
84
What is the remainder when 351 is divided by 88?
87
What is the remainder when 530 is divided by 89?
85
Calculate the remainder when 66 is divided by 31.
4
What is the remainder when 830 is divided by 52?
50
Calculate the remainder when 283 is divided by 80.
43
Calculate the remainder when 157 is divided by 18.
13
Calculate the remainder when 322 is divided by 103.
13
Calculate the remainder when 190 is divided by 178.
12
Calculate the remainder when 97 is divided by 7.
6
Calculate the remainder when 649 is divided by 55.
44
Calculate the remainder when 214 is divided by 6.
4
What is the remainder when 1090 is divided by 156?
154
What is the remainder when 1633 is divided by 70?
23
What is the remainder when 12696 is divided by 83?
80
What is the remainder when 100 is divided by 5?
0
What is the remainder when 334 is divided by 130?
74
What is the remainder when 729 is divided by 335?
59
Calculate the remainder when 128 is divided by 13.
11
What is the remainder when 2974 is divided by 35?
34
What is the remainder when 1284 is divided by 11?
8
What is the remainder when 4413 is divided by 85?
78
What is the remainder when 5628 is divided by 5619?
9
Calculate the remainder when 178 is divided by 12.
10
Calculate the remainder when 186 is divided by 60.
6
What is the remainder when 10614 is divided by 180?
174
Calculate the remainder when 367 is divided by 62.
57
Calculate the remainder when 212 is divided by 73.
66
Calculate the remainder when 162 is divided by 36.
18
Calculate the remainder when 158 is divided by 73.
12
What is the remainder when 54 is divided by 17?
3
Calculate the remainder when 16 is divided by 4.
0
What is the remainder when 653 is divided by 210?
23
Calculate the remainder when 370 is divided by 12.
10
What is the remainder when 217 is divided by 51?
13
Calculate the remainder when 356 is divided by 51.
50
What is the remainder when 561 is divided by 552?
9
What is the remainder when 293 is divided by 84?
41
What is the remainder when 651 is divided by 30?
21
Calculate the remainder when 529 is divided by 2.
1
Calculate the remainder when 4446 is divided by 12.
6
What is the remainder when 1116 is divided by 16?
12
What is the remainder when 21 is divided by 18?
3
What is the remainder when 43 is divided by 29?
14
What is the remainder when 1209 is divided by 4?
1
Calculate the remainder when 2343 is divided by 52.
3
Calculate the remainder when 282 is divided by 13.
9
Calculate the remainder when 553 is divided by 182.
7
What is the remainder when 619 is divided by 171?
106
What is the remainder when 471 is divided by 389?
82
What is the remainder when 572 is divided by 188?
8
Calculate the remainder when 75071 is divided by 408.
407
Calculate the remainder when 1588 is divided by 106.
104
What is the remainder when 320 is divided by 257?
63
What is the remainder when 7700 is divided by 115?
110
Calculate the remainder when 2212 is divided by 54.
52
Calculate the remainder when 27 is divided by 17.
10
Calculate the remainder when 72 is divided by 14.
2
What is the remainder when 476 is divided by 30?
26
What is the remainder when 157 is divided by 3?
1
Calculate the remainder when 47 is divided by 12.
11
Calculate the remainder when 479 is divided by 37.
35
Calculate the remainder when 14229 is divided by 107.
105
Calculate the remainder when 32269 is divided by 93.
91
What is the remainder when 1750 is divided by 47?
11
What is the remainder when 2493 is divided by 96?
93
Calculate the remainder when 1033 is divided by 15.
13
Calculate the remainder when 438 is divided by 109.
2
Calculate the remainder when 349 is divided by 14.
13
What is the remainder when 66 is divided by 18?
12
What is the remainder when 1615 is divided by 41?
16
Calculate the remainder when 1405 is divided by 699.
7
What is the remainder when 1431 is divided by 437?
120
What is the remainder when 3566 is divided by 593?
8
Calculate the remainder when 572 is divided by 280.
12
Calculate the remainder when 23 is divided by 16.
7
Calculate the remainder when 396 is divided by 103.
87
Calculate the remainder when 518 is divided by 58.
54
Calculate the remainder when 492 is divided by 14.
2
Calculate the remainder when 25 is divided by 13.
12
What is the remainder when 1012 is divided by 8?
4
Calculate the remainder when 2902 is divided by 961.
19
Calculate the remainder when 321 is divided by 9.
6
What is the remainder when 769 is divided by 55?
54
Calculate the remainder when 1207 is divided by 134.
1
What is the remainder when 82 is divided by 50?
32
What is the remainder when 653 is divided by 95?
83
What is the remainder when 1486 is divided by 23?
14
What is the remainder when 249 is divided by 25?
24
Calculate the remainder when 333 is divided by 81.
9
Calculate the remainder when 3980 is divided by 35.
25
What is the remainder when 1374 is divided by 9?
6
Calculate the remainder when 216 is divided by 15.
6
Calculate the remainder when 3614 is divided by 201.
197
Calculate the remainder when 132 is divided by 31.
8
Calculate the remainder when 1021 is divided by 19.
14
Calculate the remainder when 2819 is divided by 187.
14
What is the remainder when 590 is divided by 262?
66
Calculate the remainder when 3045 is divided by 11.
9
Calculate the remainder when 1698 is divided by 63.
60
What is the remainder when 582 is divided by 182?
36
What is the remainder when 1851 is divided by 49?
38
What is the remainder when 161 is divided by 8?
1
What is the remainder when 636 is divided by 108?
96
What is the remainder when 211 is divided by 119?
92
What is the remainder when 6583 is divided by 12?
7
What is the remainder when 1241 is divided by 49?
16
Calculate the remainder when 1430 is divided by 13.
0
What is the remainder when 110 is divided by 7?
5
What is the remainder when 82 is divided by 50?
32
What is the remainder when 3002 is divided by 7?
6
Calculate the remainder when 104 is divided by 27.
23
What is the remainder when 3038 is divided by 26?
22
Calculate the remainder when 66 is divided by 26.
14
Calculate the remainder when 117 is divided by 59.
58
What is the remainder when 40 is divided by 6?
4
Calculate the remainder when 2936 is divided by 94.
22
Calculate the remainder when 282 is divided by 44.
18
Calculate the remainder when 83 is divided by 43.
40
Calculate the remainder when 101 is divided by 36.
29
What is the remainder when 1038 is divided by 16?
14
What is the remainder when 108 is divided by 4?
0
Calculate the remainder when 855 is divided by 27.
18
What is the remainder when 824 is divided by 256?
56
Calculate the remainder when 120 is divided by 42.
36
What is the remainder when 1030 is divided by 499?
32
Calculate the remainder when 219 is divided by 32.
27
What is the remainder when 2141 is divid